9
Let n(h) = h**3 + 15*h**2 + 12*h - 22. Calculate the remainder when 22 is divided by n(-14).
4
Suppose 11 = 4*s + t - 2, 0 = -s + t + 7. Suppose 0 = s*l + 31 - 111. Calculate the remainder when 58 is divided by l.
18
Suppose 0 = 3*r - 4*b + 2*b - 9, -2*r + 6 = 4*b. Let c = 19 + -28. Let i = c + 16. What is the remainder when i is divided by r?
1
Suppose 3*c = -c + 92. Calculate the remainder when 88 is divided by c.
19
Suppose 12 = 2*t - 5*y, 2*t + 0*y = -y. Let i = t + -4. Let a = 20 + i. What is the remainder when 33 is divided by a?
16
Let n = 2 + -5. Let w = n - -12. What is the remainder when 32 is divided by w?
5
Let l = 0 + 10. Calculate the remainder when 48 is divided by l.
8
What is the remainder when 21 is divided by -8 - -6 - -2*5?
5
Suppose w - 29 = -6. Suppose -5*d + 25 = 0, -5*n - 2*d + d + 45 = 0. What is the remainder when w is divided by n?
7
Suppose -4*b + 40 + 24 = 0. Let t be ((-18)/(-8))/(6/b). Suppose -4*i - 4 = 3*z, 0 = -3*z - i + t*i + 32. Calculate the remainder when 7 is divided by z.
3
Let m = 85 - 61. Calculate the remainder when ((-9)/6)/((-6)/284) is divided by m.
23
Let l(a) = 2*a**2 - 3*a - 7. Calculate the remainder when 58 is divided by l(-3).
18
Let q(c) = -c**2 - 10. Let z be q(0). What is the remainder when 36/z*15/(-6) is divided by 6?
3
Let k = 43 - 25. What is the remainder when 48 - (2 + (-12)/2) is divided by k?
16
Let l(h) = -h**2 - 9*h - 1. What is the remainder when 25 is divided by l(-8)?
4
Let k(a) = 2*a - 15. Let n(o) = o - 2. Calculate the remainder when k(10) is divided by n(5).
2
Suppose 0 = -5*i - 3*x + 460, -i - 5*x - 7 = -99. What is the remainder when i is divided by 19?
16
Let w(k) = -k**3 - 7*k**2 - 7*k - 1. What is the remainder when 58 is divided by w(-6)?
3
Let m(l) = l**3 + 6*l**2 + 3*l - 2. What is the remainder when m(-4) is divided by 10?
8
Suppose -m - 53 = -5*w, -25 = -3*w - 4*m - 7. Let l = -12 - -31. What is the remainder when l is divided by w?
9
Let z(d) be the first derivative of d**4/4 - 7*d**3/3 + d**2 - 10*d - 4. Suppose j - 11 = -4. Calculate the remainder when z(j) is divided by 2.
0
What is the remainder when -8*12/10*(-12 - -2) is divided by 33?
30
Suppose 3*r = 4*q + 2*r + 55, -4*q - 5*r - 61 = 0. Let j = q + 23. Let o = 51 + -26. Calculate the remainder when o is divided by j.
7
Let d be (-25)/4 + (-3)/(-12). What is the remainder when 28 is divided by (-89)/(-6) + (-1)/d?
13
Suppose 93 = -h + 4*h. Calculate the remainder when 92 is divided by h.
30
Suppose 0 = -4*o - c + 7, -4*o + 3 = 3*c - 2. Let h be (-3 + 4)*38/o. Suppose 2*l + 4*d = -10, -l = -5*d - h - 11. What is the remainder when 8 is divided by l?
3
Suppose 4*d - m + 4*m + 14 = 0, -4*d + 2*m - 24 = 0. Calculate the remainder when 36 is divided by 4/(-20) - 96/d.
17
Let t = 10 - 8. Calculate the remainder when 15 is divided by (2 - -3) + 1 + t.
7
Suppose 0 = 3*z - 2*z - 33. Calculate the remainder when 96 is divided by z.
30
Let c = 94 + -53. What is the remainder when c is divided by 15?
11
Let u be 10/(-4)*12/(-15). Suppose 0 = -f + u*f. Suppose 0*s = -4*h - 3*s + 55, f = h - 5*s - 31. Calculate the remainder when h is divided by 9.
7
What is the remainder when ((-342)/(-27))/((-1)/(-3)) is divided by 20?
18
Let z(s) = 97*s**2 + 3*s + 3. What is the remainder when z(-1) is divided by 25?
22
Suppose -k = 2*h + 2, -4*h + 4*k = -3*h + 1. Let f be (1/h)/((-1)/3). Suppose -2*z + 160 = f*z. What is the remainder when z is divided by 17?
15
Suppose 3*r - 2*r = 37. Suppose 4*b - r = -v, 6 = -5*b + 21. Calculate the remainder when v is divided by 7.
4
Suppose -3 = -4*g - 19, -g = 3*o + 16. Let c be -1 + 8 - o/(-2). Suppose a + 0*a - 2 = -5*i, -4*i = -c*a + 39. What is the remainder when 13 is divided by a?
6
Suppose 1 = x - 0*x. Suppose -x = -i + 4. What is the remainder when (-2)/3 - (-152)/12 is divided by i?
2
Let l = -7 - -14. Calculate the remainder when 41 is divided by l.
6
Let r be ((0 - -1) + 31)*1. Let n = 70 - r. What is the remainder when n is divided by 13?
12
Let m(u) = -u**2 - 22*u + 4. Calculate the remainder when 90 is divided by m(-21).
15
Suppose 35 = -2*v - 0*v - 5*a, 3*v - 10 = 5*a. What is the remainder when 8 is divided by 0/(-1) - (v - -2)?
2
Let a(f) = -f**3 - 8*f**2 - f - 7. Let n(u) = -u - 11. What is the remainder when n(-14) is divided by a(-8)?
0
Let q be (-3)/(-1 + 1/(-2)). Suppose -q*w + 12 = -0*w. Let h(a) = -12*a - 2. Calculate the remainder when h(-2) is divided by w.
4
Let f(r) = 19*r - 2. Calculate the remainder when f(5) is divided by 14.
9
Let d = 42 - 29. Suppose 2*k + 2*a - 16 = -0*k, 5*k - d = 4*a. What is the remainder when 17 is divided by k?
2
Let w(k) = -3*k - 47. What is the remainder when w(-20) is divided by 3*-2*2/(-3)?
1
Let m(n) = n + 14. Suppose 7*c - 24 = 3*c. Suppose -u - c = 5. What is the remainder when 4 is divided by m(u)?
1
Let x = 63 + -59. What is the remainder when 33 is divided by x?
1
Suppose -c = c + 2*u, -2*c + 3*u = -15. What is the remainder when 6 is divided by c?
0
Suppose 4*i = -4*i + 72. Calculate the remainder when 129/9 - (-2)/(-6) is divided by i.
5
Let g be ((-18)/(-6))/(9/(-42)). Let p = 41 + g. What is the remainder when 53 is divided by p?
26
Let b(f) = 10*f**2 + 1. Let j be 10/(-15) - 128/(-3). Suppose -14 - j = -4*h. Calculate the remainder when b(-2) is divided by h.
13
Let n be (3 - (-51)/(-12))*-4. Suppose c + 4*x + 0*x - 21 = 0, 5*x + n = 0. What is the remainder when c is divided by 13?
12
Let r = -3 - -6. Let o = 46 - 1. Suppose 2*h - o = -r*h. Calculate the remainder when h is divided by 5.
4
Let h = 2 + 14. Let v be (1 - 2)/(1/(-47)). Suppose -t - 1 = -v. Calculate the remainder when t is divided by h.
14
Suppose 4*g - 38 = -3*i + 24, -3*i - 3*g + 66 = 0. Suppose i = 5*z + 6. Suppose q + 1 - z = 0. Calculate the remainder when q is divided by 1.
0
Let r(n) = -10*n**3 + 3*n**2 + 3*n. What is the remainder when r(-2) is divided by 22?
20
Suppose -5*x + 0*s - 2*s + 20 = 0, 5*s - 5 = -5*x. Calculate the remainder when x is divided by 4.
2
Let t = 1 - -3. Suppose -12 = t*a - 7*a. Let x = 20 - a. Calculate the remainder when 46 is divided by x.
14
Let t(g) = g**3 - 5*g**2 + 5*g - 2. Calculate the remainder when 8 is divided by t(4).
0
Let q(t) = -33*t**3 - 2*t**2 + 1. Let z(b) = -b**3 + 8*b**2 + 2*b - 8. Let o be z(7). Let m = -38 + o. Calculate the remainder when q(-1) is divided by m.
15
Calculate the remainder when 32 is divided by (-60)/(-4) + (-2)/(-1).
15
What is the remainder when 2*4/16*222 is divided by 29?
24
Suppose -n = -6 + 4. Suppose -2*d + 2*h - 36 = -106, n*h = -4*d + 152. What is the remainder when d is divided by 20?
17
Let g(f) = -f**3 + 7*f**2. Let q be g(7). Suppose q = -4*i + 48. Suppose -5*o = -262 + i. What is the remainder when o is divided by 17?
16
Suppose 3 = h - 3. Let k(s) = -s**3 + 8*s**2 + 3. Let v be k(8). Suppose 3*p = 9, -2*z - p = -h*p - v. What is the remainder when 25 is divided by z?
7
Suppose -i + 0*i = 2*j - 19, 165 = 5*i - 4*j. Let b be 2/3 - 52/6. Calculate the remainder when i is divided by 3/4 - 114/b.
14
Let t = 7 + 13. What is the remainder when 196 is divided by t?
16
Let z = 10 + 27. Let k(h) = 2*h + 1. Let p be k(3). Suppose 5*r + p = 72. What is the remainder when z is divided by r?
11
Suppose 2*y - 22 = -4*n, 3 = 4*y + 3*n - 36. Suppose 0*d - 3*d + 19 = z, -d = z - y. What is the remainder when (-255)/(-25) + 12/15 is divided by z?
3
Let t(n) = -n**2 - 10*n - 6. Let p = 8 + -2. Calculate the remainder when t(-7) is divided by p.
3
Suppose -4*u + 114 = 3*w, -2*u - w - 152 = -7*u. Suppose 5*o = 25 + u. What is the remainder when 29 is divided by o?
7
Suppose -4*l + 26 = -2*l. Calculate the remainder when 36 is divided by l.
10
Calculate the remainder when 104 is divided by (-288)/(-14) - (-15)/35.
20
Suppose k + 3*n = 8, 3*k = -k + 4*n + 112. Let y = -10 + k. Let r = y - 5. What is the remainder when r is divided by 3?
2
Suppose -16*j = -19*j + 3. Suppose -2*u = 3*u. Let s = 2 - u. What is the remainder when s is divided by j?
0
Suppose 7*k - 2*k = 110. What is the remainder when 85 is divided by k?
19
Let b = 14 + 2. Let m = -2 + b. What is the remainder when 27 is divided by m?
13
Let b be 2/(1 + 2 + -2). Suppose 2*i - 3*i - 41 = -j, 4*i = -b*j + 112. Calculate the remain